3 a factor of 77?
False
Does 19 divide 7712?
False
Is 15 a factor of 570?
True
Is 51 even?
False
Is 12 a factor of 2424?
True
Is 1377 a multiple of 9?
True
Is 7792 a multiple of 16?
True
Is 683 a multiple of 58?
False
Does 5 divide 275?
True
Is 7 a factor of 8906?
False
Is 8302 a multiple of 78?
False
Does 22 divide 467?
False
Is 997 a multiple of 22?
False
Is 2 a factor of 807?
False
Does 60 divide 660?
True
Does 56 divide 9576?
True
Is 49 a factor of 6948?
False
Is 6 a factor of 684?
True
Is 18 a factor of 572?
False
Is 7 a factor of 1309?
True
Is 5887 a multiple of 29?
True
Is 17 a factor of 7208?
True
Does 69 divide 19670?
False
Is 22 a factor of 66148?
False
Is 200 a multiple of 40?
True
Is 28 a factor of 18312?
True
Does 55 divide 1027?
False
Does 6 divide 6318?
True
Is 11096 a multiple of 8?
True
Is 69 a multiple of 23?
True
Is 38340 a multiple of 10?
True
Is 3658 a multiple of 59?
True
Is 4358 a multiple of 6?
False
Is 9 a factor of 1440?
True
Is 248 a multiple of 10?
False
Is 7 a factor of 343?
True
Does 23 divide 142?
False
Is 112 a factor of 59791?
False
Does 89 divide 65447?
False
Is 6467 a multiple of 169?
False
Is 14 a factor of 921?
False
Is 6577 a multiple of 47?
False
Is 34185 a multiple of 129?
True
Does 8 divide 11227?
False
Is 20 a factor of 692?
False
Does 84 divide 8484?
True
Does 124 divide 11475?
False
Is 4 a factor of 59?
False
Does 27 divide 31860?
True
Is 129 a factor of 20366?
False
Does 264 divide 9282?
False
Does 205 divide 19230?
False
Is 2 a factor of 163?
False
Does 14 divide 43064?
True
Is 17171 a multiple of 77?
True
Is 163 a factor of 6194?
True
Is 135 a factor of 3645?
True
Does 15 divide 3810?
True
Does 55 divide 2530?
True
Is 12 a factor of 11268?
True
Is 6 a factor of 7556?
False
Is 74 a factor of 3330?
True
Is 60 a multiple of 5?
True
Does 45 divide 3555?
True
Is 8 a factor of 16448?
True
Does 11 divide 17140?
False
Is 7650 a multiple of 16?
False
Is 11 a factor of 109076?
True
Is 1783 a multiple of 53?
False
Is 43 a factor of 3481?
False
Is 1914 a multiple of 29?
True
Is 103 a multiple of 14?
False
Does 89 divide 18919?
False
Is 45 a factor of 19890?
True
Does 177 divide 26727?
True
Is 55978 a multiple of 126?
False
Is 2516 a multiple of 74?
True
Does 7 divide 1858?
False
Is 92 a factor of 2403?
False
Does 2 divide 89?
False
Is 27 a factor of 11291?
False
Is 11 a factor of 2047?
False
Does 51 divide 1734?
True
Is 55 a factor of 51655?
False
Is 5444 a multiple of 69?
False
Is 4554 a multiple of 6?
True
Does 10 divide 2246?
False
Is 10 a factor of 15020?
True
Is 14359 a multiple of 138?
False
Is 9286 a multiple of 14?
False
Is 2 a factor of 316?
True
Is 25239 a multiple of 105?
False
Is 58212 a multiple of 14?
True
Is 1048 a multiple of 11?
False
Is 45 a factor of 1752?
False
Is 64 a factor of 9344?
True
Is 74 a factor of 398?
False
Is 6 a factor of 269?
False
Does 97 divide 14647?
True
Is 378 a factor of 152334?
True
Is 64 a factor of 4471?
False
Is 35 a factor of 490?
True
Does 43 divide 9789?
False
Is 1260 a multiple of 105?
True
Is 29 a factor of 17421?
False
Is 27126 a multiple of 274?
True
Is 39 a factor of 21957?
True
Is 13 a factor of 374?
False
Does 23 divide 10741?
True
Is 84 a factor of 588?
True
Is 12000 a multiple of 21?
False
Does 4 divide 844?
True
Does 51 divide 1275?
True
Is 12 a factor of 7656?
True
Does 22 divide 1787?
False
Does 15 divide 1549?
False
Does 3 divide 2288?
False
Is 5 a factor of 11712?
False
Does 79 divide 14380?
False
Does 14 divide 1022?
True
Does 7 divide 295?
False
Does 10 divide 634?
False
Is 3440 a multiple of 80?
True
Is 8 a factor of 68?
False
Does 42 divide 13271?
False
Does 19 divide 89?
False
Does 19 divide 7400?
False
Does 2 divide 489?
False
Is 3382 a multiple of 12?
False
Does 27 divide 37?
False
Is 1720 a multiple of 40?
True
Is 24 a factor of 4762?
False
Is 18734 a multiple of 28?
False
Does 58 divide 3944?
True
Is 37 a factor of 2021?
False
Does 17 divide 12461?
True
Is 37 a factor of 5662?
False
Is 9 a factor of 21?
False
Is 31 a factor of 3317?
True
Does 36 divide 13167?
False
Is 198 a multiple of 11?
True
Is 143 a multiple of 11?
True
Is 225 a factor of 3662?
False
Is 1409 a multiple of 61?
False
Is 31 a factor of 66?
False
Is 625 a multiple of 48?
False
Is 13546 a multiple of 19?
False
Does 28 divide 1512?
True
Is 8 a factor of 6072?
True
Is 40 a multiple of 17?
False
Is 32 a factor of 960?
True
Is 11 a factor of 37?
False
Is 370 a multiple of 37?
True
Does 60 divide 960?
True
Is 210 a multiple of 6?
True
Does 74 divide 565?
False
Does 76 divide 37957?
False
Is 24 a factor of 48?
True
Is 3185 a multiple of 15?
False
Does 18 divide 84852?
True
Is 163 a factor of 10595?
True
Is 3268 a multiple of 76?
True
Is 61 a factor of 11346?
True
Is 9043 a multiple of 7?
False
Is 27 a factor of 1377?
True
Does 306 divide 39780?
True
Is 3016 a multiple of 9?
False
Is 2208 a multiple of 92?
True
Does 4 divide 60?
True
Is 70 a factor of 25798?
False
Does 29 divide 812?
True
Is 20 a factor of 155?
False
Is 47 a factor of 8452?
False
Is 3074 a multiple of 123?
False
Is 54 a factor of 24298?
False
Is 143 a factor of 24767?
False
Is 21 a factor of 6720?
True
Is 24 a factor of 9192?
True
Is 2970 a multiple of 135?
True
Is 26154 a multiple of 18?
True
Does 46 divide 950?
False
Does 16 divide 19268?
False
Is 51 a multiple of 3?
True
Does 15 divide 22?
False
Is 3784 a multiple of 22?
True
Is 3 a factor of 4002?
True
Is 402 a multiple of 12?
False
Is 26141 a multiple of 52?
False
Is 9720 a multiple of 36?
True
Is 64 a factor of 2416?
False
Is 16 a factor of 7666?
False
Is 60 a factor of 99960?
True
Is 68 a factor of 272?
True
Is 7 a factor of 42232?
False
Is 668 a multiple of 16?
False
Does 3 divide 188?
False
Is 672 a multiple of 7?
True
Is 10 a factor of 2792?
False
Is 1050 a multiple of 6?
True
Is 87 a factor of 12093?
True
Is 7 a factor of 740?
False
Does 13 divide 1703?
True
Is 12205 a multiple of 32?
False
Is 1160 a multiple of 58?
True
Does 50 divide 239?
False
Is 26 a factor of 5407?
False
Is 13 a factor of 64087?
False
Is 106 a multiple of 3?
False
Is 35 a factor of 53398?
False
Is 52 a factor of 11026?
False
Does 4 divide 12194?
False
Does 17 divide 1122?
True
Is 314 a factor of 23998?
False
Does 12 divide 399?
False
Does 120 divide 1200?
True
Is 2490 a multiple of 15?
True
Is 210 a factor of 1260?
True
Does 81 divide 6270?
False
Is 82 a factor of 3280?
True
Is 13 a factor of 1810?
False
Does 62 divide 560?
False
Is 22376 a multiple of 27?
False
Is 1322 a multiple of 5?
False
Is 10 a factor of 61960?
True
Is 96406 a multiple of 43?
True
Does 8 divide 109?
False
Is 184 a multiple of 12?
False
Is 959 even?
False
Is 75 a factor of 19575?
True
Is 17 a factor of 2754?
True
Is 3984 a multiple of 44?
False
Does 8 divide 57644?
False
Does 11 divide 121?
True
Is 462 a multiple of 33?
True
Is 87894 a multiple of 186?
False
Is 31 a factor of 312?
False
Does 131 divide 3930?
True
Is 6501 a multiple of 15?
False
Is 14 a factor of 62660?
False
Is 46 a factor of 974?
False
Does 14 divide 280?
True
Does 57 divide 18069?
True
Is 2260 a multiple of 5?
True
Is 12280 a multiple of 20?
True
Is 1775 a multiple of 91?
False
Is 23160 a multiple of 15?
True
Is 6 a factor of 66?
True
Is 20 a factor of 17960?
True
Does 18 divide 199?
False
Does 27 divide 2485?
False
Is 14 a factor of 55440?
True
Does 8 divide 8856?
True
Is 45 a factor of 11597?
False
Is 4059 a multiple of 41?
True
Is 42688 a multiple of 464?
True
Is 47940 a multiple of 12?
True
Does 6 divide 786?
True
Is 48048 a multiple of 22?
True
Is 711 a multiple of 9?
True
Is 10290 a multiple of 147?
True
Is 13141 a multiple of 16?
False
Is 16 a factor of 2705?
False
Does 123 divide 3602?
False
Does 74 divide 666?
True
Is 22473 a multiple of 34?
False
Is 7 a factor of 3073?
True
Is 10 a factor of 9819?
False
Is 52360 a multiple of 20?
True
Does 107 divide 23540?
True
Is 2568 a multiple of 6?
True
Is 7 a factor of 2073?
False
Is 110 a factor of 8690?
True
Is 594 a multiple of 22?
True
Is 22 a factor of 442?
False
Is 180 a multiple of 10?
True
Is 42 a factor of 2097?
False
Is 356 a multiple of 17?
False
Is 87 a factor of 18225?
False
Is 11 a factor of 263?
False
Is 26 a factor of 13101?
False
Is 10 a factor of 862?
False
Does 12 divid